and 49344.
192
Calculate the greatest common factor of 1425 and 130575.
75
What is the highest common factor of 221184 and 1068?
12
Calculate the greatest common factor of 1488 and 171.
3
Calculate the greatest common factor of 30 and 297030.
30
What is the highest common divisor of 3170 and 50?
10
Calculate the highest common divisor of 990 and 45720.
90
Calculate the highest common divisor of 225831 and 3.
3
Calculate the greatest common factor of 244 and 2318.
122
What is the greatest common divisor of 280880 and 580?
20
Calculate the highest common factor of 110 and 2365.
55
Calculate the highest common divisor of 13612 and 5644.
332
Calculate the greatest common divisor of 12 and 10572.
12
Calculate the greatest common divisor of 6000 and 200880.
240
What is the highest common divisor of 3176 and 8?
8
What is the highest common factor of 2396 and 1005122?
1198
Calculate the highest common divisor of 283775 and 350.
25
What is the highest common factor of 6048 and 71904?
672
What is the greatest common factor of 287 and 224?
7
Calculate the highest common divisor of 1233 and 6436671.
411
What is the greatest common divisor of 4155444 and 2?
2
Calculate the greatest common factor of 56579 and 7047.
29
Calculate the highest common factor of 1916775 and 4095.
315
What is the greatest common divisor of 392 and 14056?
56
What is the greatest common factor of 2163850 and 50?
50
What is the highest common divisor of 2632 and 154536?
376
Calculate the greatest common factor of 4862 and 23738.
286
What is the greatest common factor of 3200 and 675?
25
What is the greatest common divisor of 150804 and 12496?
284
Calculate the highest common divisor of 532 and 74746.
266
Calculate the greatest common factor of 16535 and 10.
5
Calculate the greatest common divisor of 1041173 and 1652.
413
What is the greatest common divisor of 968 and 954690?
242
What is the greatest common divisor of 6 and 334038?
6
Calculate the greatest common divisor of 177 and 18237.
3
Calculate the highest common divisor of 4850 and 56850.
50
What is the greatest common factor of 29450 and 38?
38
Calculate the greatest common divisor of 12 and 102681.
3
What is the greatest common factor of 739725 and 525?
525
What is the highest common divisor of 26 and 314470?
26
What is the highest common divisor of 14399544 and 24?
24
What is the highest common divisor of 100 and 641?
1
Calculate the highest common divisor of 693 and 14157.
99
What is the highest common divisor of 137232 and 10483?
953
Calculate the greatest common factor of 24 and 3055254.
6
What is the highest common divisor of 220 and 207845?
55
What is the highest common factor of 4194 and 1044?
18
What is the greatest common factor of 70 and 321370?
70
What is the greatest common divisor of 342 and 82650?
114
Calculate the greatest common divisor of 9 and 2256993.
9
Calculate the greatest common divisor of 35 and 19250.
35
Calculate the greatest common factor of 68 and 39287.
17
Calculate the highest common factor of 5707 and 533.
13
Calculate the greatest common divisor of 334917 and 34.
17
Calculate the greatest common divisor of 549219 and 1089.
363
Calculate the highest common factor of 747 and 5535.
9
Calculate the greatest common divisor of 386712 and 13624.
1048
Calculate the greatest common divisor of 331690 and 1230.
410
What is the highest common divisor of 79 and 187?
1
Calculate the highest common factor of 229 and 9566933.
229
Calculate the highest common divisor of 1917 and 76467.
213
Calculate the greatest common factor of 1897140 and 1260.
420
Calculate the highest common divisor of 167985 and 225.
45
What is the greatest common divisor of 413866 and 2?
2
What is the greatest common divisor of 19722 and 4503?
57
Calculate the greatest common divisor of 144 and 6228.
36
Calculate the greatest common factor of 148900 and 100.
100
Calculate the greatest common divisor of 7123 and 187.
17
Calculate the highest common factor of 486 and 1230.
6
Calculate the greatest common factor of 25060 and 140.
140
What is the highest common divisor of 39948 and 132?
12
Calculate the highest common divisor of 185133 and 390.
39
Calculate the highest common factor of 280 and 21160.
40
What is the greatest common divisor of 72 and 201897?
9
Calculate the greatest common divisor of 3520 and 25030.
10
Calculate the greatest common divisor of 2213 and 15.
1
What is the highest common divisor of 48550 and 700?
50
Calculate the greatest common divisor of 2124 and 1332.
36
What is the highest common factor of 39744 and 30176?
736
Calculate the highest common factor of 11183 and 1643.
53
What is the highest common factor of 46 and 12086661?
23
Calculate the highest common divisor of 3630 and 537845.
605
Calculate the highest common divisor of 71385 and 135.
15
Calculate the greatest common factor of 16 and 134.
2
Calculate the greatest common factor of 1407672 and 36.
36
What is the highest common divisor of 847 and 415261?
77
Calculate the highest common factor of 2483 and 382.
191
Calculate the highest common factor of 4131 and 1071.
153
Calculate the highest common divisor of 38 and 128080.
2
Calculate the highest common factor of 52 and 2282618.
26
Calculate the greatest common divisor of 22 and 141537.
11
Calculate the greatest common factor of 4131 and 2673.
243
Calculate the greatest common factor of 153 and 33813.
153
Calculate the greatest common divisor of 4 and 1599508.
4
What is the highest common divisor of 7536 and 240?
48
What is the greatest common factor of 30261 and 2112?
33
Calculate the highest common divisor of 612 and 7608.
12
What is the highest common divisor of 37470 and 65?
5
Calculate the highest common divisor of 11742 and 12426.
114
Calculate the greatest common factor of 14606 and 7638.
134
What is the highest common divisor of 3051 and 4995?
27
Calculate the greatest common factor of 30 and 4265595.
15
Calculate the greatest common divisor of 43524 and 4433.
403
What is the greatest common factor of 91 and 10479?
7
Calculate the greatest common divisor of 38 and 8018.
38
Calculate the highest common divisor of 99217 and 188.
47
What is the greatest common divisor of 359358 and 606?
606
What is the highest common divisor of 2453 and 6467?
223
Calculate the greatest common divisor of 481 and 338.
13
What is the highest common divisor of 388 and 1644?
4
Calculate the highest common factor of 968 and 1869692.
484
What is the highest common factor of 4224 and 788304?
528
What is the highest common divisor of 2064 and 1177168?
688
What is the highest common divisor of 506 and 11569?
23
What is the greatest common factor of 2015 and 275?
5
What is the highest common factor of 2797690 and 56?
14
Calculate the highest common divisor of 177306 and 348.
174
Calculate the highest common factor of 531 and 593127.
531
What is the greatest common factor of 1625 and 17615?
65
What is the highest common factor of 1496365 and 13?
13
Calculate the highest common factor of 7 and 343721.
7
Calculate the greatest common divisor of 30 and 19830.
30
Calculate the highest common factor of 15376 and 48.
16
Calculate the highest common factor of 5175 and 375.
75
Calculate the highest common divisor of 1980 and 16390.
110
What is the greatest common divisor of 7939 and 6071?
467
What is the greatest common factor of 1214245 and 235?
235
What is the greatest common divisor of 1988688 and 5616?
624
What is the greatest common factor of 406 and 3311?
7
What is the highest common factor of 4263 and 348?
87
What is the highest common divisor of 9 and 313893?
9
What is the highest common divisor of 848 and 82839?
53
What is the highest common divisor of 40 and 412670?
10
Calculate the greatest common factor of 11253 and 1815.
363
Calculate the greatest common factor of 6889 and 2656.
83
What is the greatest common factor of 1156833 and 63?
9
Calculate the highest common factor of 197 and 987167.
197
What is the greatest common factor of 39 and 480147?
3
What is the greatest common divisor of 4671 and 21279?
519
What is the highest common divisor of 118637 and 217?
31
What is the greatest common factor of 27400 and 1800?
200
Calculate the highest common divisor of 96 and 130128.
48
What is the highest common divisor of 11200 and 3